{"id":124,"date":"2023-10-17T15:31:31","date_gmt":"2023-10-17T13:31:31","guid":{"rendered":"https:\/\/boucan.info\/?page_id=124"},"modified":"2023-11-13T20:17:53","modified_gmt":"2023-11-13T19:17:53","slug":"pour-toutes-et-tous","status":"publish","type":"page","link":"https:\/\/boucan.info\/index.php\/nos-actions\/pour-toutes-et-tous\/","title":{"rendered":"Pour toutes et tous"},"content":{"rendered":"\n<h3 class=\"wp-block-heading\">Les Cin\u00e9-discute : un film et une discussion<\/h3>\n\n\n\n<p>A chaque cin\u00e9-discute, Boucan anime un stand avant et apr\u00e8s la projection, pr\u00e9sente le film et anime un \u00e9change avec le public apr\u00e8s le film. C\u2019est l\u2019occasion aussi de pr\u00e9senter l\u2019association et ses missions.<\/p>\n\n\n\n<p>Les cin\u00e9astes de fictions et de documentaires s\u2019emparent des sujets comme les violences et les discriminations li\u00e9es au genre. Ils et elles offrent un point de vue singulier qui suscite \u00e9motions et r\u00e9flexions. A Boucan, nous pensons que le cin\u00e9ma, cette exp\u00e9rience collective partag\u00e9e transforme nos visions et le monde&nbsp;!<\/p>\n\n\n\n<h3 class=\"wp-block-heading\">CIN\u00e9-BOUCAN, festival de cin\u00e9ma f\u00e9ministe<\/h3>\n\n\n\n<p>Autour du 8 mars, journ\u00e9e internationale de lutte pour les droits des femmes ou du 25 novembre, journ\u00e9e internationale de lutte contre les violences faites aux femmes, l\u2019association Boucan cr\u00e9e l\u2019\u00e9v\u00e8nement en proposant une semaine de films, d\u00e9bats, ateliers, propositions artistiques, invit\u00e9.es pour faire entendre les voix des femmes et de leurs luttes.<\/p>\n\n\n\n<h3 class=\"wp-block-heading\">Les ap\u00e9ro-discute, des soir\u00e9es ouvertes \u00e0 toute\u00b7s<\/h3>\n\n\n\n<p>Temps conviviaux dans un lieu atypique et chaleureux, pour mieux se conna\u00eetre, exprimer ses besoins et attentes et d\u00e9j\u00e0 mettre en discussion les sujets importants port\u00e9s par Boucan.<\/p>\n\n\n\n<p>A la cave de Pailles au nez, dans une d\u00e9marche d\u2019\u00e9ducation populaire, et bient\u00f4t dans les territoires ruraux comme Anduze, Saint Ambroix ou la Grand Combe<\/p>\n\n\n\n<h3 class=\"wp-block-heading\">les ateliers gravure f\u00e9ministe<\/h3>\n\n\n\n<p>Les ateliers de pratique artistique permettent de cr\u00e9er du lien, de susciter l\u2019int\u00e9r\u00eat et la curiosit\u00e9 et \u00e9galement d\u2019offrir un espace de cr\u00e9ativit\u00e9 s\u00e9curisant et valorisant.&nbsp;<\/p>\n\n\n\n<h3 class=\"wp-block-heading\">Les ateliers artistiques autour d\u2019un spectacle<\/h3>\n\n\n\n<p>Les ateliers anim\u00e9s par les artistes circassiennes de PDF en direction des adh\u00e9rent.es de Boucan en sont l\u2019illustration, on vit diff\u00e9remment son exp\u00e9rience de spectateur.ice selon si on y a \u00e9t\u00e9 pr\u00e9par\u00e9 ou non. Nous sommes intimement persuad\u00e9es qu\u2019une \u0153uvre quelle qu\u2019elle soit peut \u00eatre abord\u00e9e de diff\u00e9rentes mani\u00e8res, n\u00e9anmoins si nous avons quelques \u00e9l\u00e9ments de compr\u00e9hension au pr\u00e9alable, elle devient plus accessible et l\u2019on devient alors spect-acteur.ices, exp\u00e9rience constructive, valorisante et ouvrant \u00e0 la cr\u00e9ativit\u00e9.<\/p>\n\n\n\n<p>Pour les enfants, les adolescents et les adultes nous menons des ateliers autour du corps, du texte de la voix pour accompagner des spectacles vivants dont le propos, le sujet nous int\u00e9ressent particuli\u00e8rement. Nous avons accompagn\u00e9 les spectacles <em>Desiderata <\/em>et <em>Juste une femme<\/em> de la compagnie Cabas durant InCIRCus, <em>L\u00e9gendes Urbaines<\/em> de la compagnie PDF.<\/p>\n\n\n\n<h3 class=\"wp-block-heading\">L\u2019animation de stands<\/h3>\n\n\n\n<p>Lors d\u2019\u00e9v\u00e8nements festifs, manifestations culturelles ou journ\u00e9es th\u00e9matiques, nous nous d\u00e9pla\u00e7ons avec un stand pour informer, \u00e9changer, orienter et permettre aux volontaires de s\u2019engager \u00e0 nos c\u00f4t\u00e9s, avec des tas d\u2019outils :<\/p>\n\n\n\n<ul class=\"wp-block-list\">\n<li>des livres jeunesses, essais th\u00e9oriques, romans, BD, liste de podcasts<\/li>\n\n\n\n<li>des outils p\u00e9dagogiques, des jeux et autres brochures permettant d\u2019informer ou de faciliter l\u2019\u00e9change.<\/li>\n<\/ul>\n","protected":false},"excerpt":{"rendered":"<p>Les Cin\u00e9-discute : un film et une discussion A chaque cin\u00e9-discute, Boucan anime un stand avant et apr\u00e8s la projection, pr\u00e9sente le film et anime un \u00e9change avec le public apr\u00e8s le film. C\u2019est l\u2019occasion aussi de pr\u00e9senter l\u2019association et ses missions. Les cin\u00e9astes de fictions et de documentaires s\u2019emparent des sujets comme les violences&hellip;&nbsp;<a href=\"https:\/\/boucan.info\/index.php\/nos-actions\/pour-toutes-et-tous\/\" class=\"\" rel=\"bookmark\">Lire la suite &raquo;<span class=\"screen-reader-text\">Pour toutes et tous<\/span><\/a><\/p>\n","protected":false},"author":3,"featured_media":102,"parent":22,"menu_order":0,"comment_status":"closed","ping_status":"closed","template":"","meta":{"neve_meta_sidebar":"full-width","neve_meta_container":"contained","neve_meta_enable_content_width":"","neve_meta_content_width":70,"neve_meta_title_alignment":"","neve_meta_author_avatar":"","neve_post_elements_order":"","neve_meta_disable_header":"","neve_meta_disable_footer":"","neve_meta_disable_title":"","_themeisle_gutenberg_block_has_review":false,"footnotes":""},"class_list":["post-124","page","type-page","status-publish","has-post-thumbnail","hentry"],"_links":{"self":[{"href":"https:\/\/boucan.info\/index.php\/wp-json\/wp\/v2\/pages\/124","targetHints":{"allow":["GET"]}}],"collection":[{"href":"https:\/\/boucan.info\/index.php\/wp-json\/wp\/v2\/pages"}],"about":[{"href":"https:\/\/boucan.info\/index.php\/wp-json\/wp\/v2\/types\/page"}],"author":[{"embeddable":true,"href":"https:\/\/boucan.info\/index.php\/wp-json\/wp\/v2\/users\/3"}],"replies":[{"embeddable":true,"href":"https:\/\/boucan.info\/index.php\/wp-json\/wp\/v2\/comments?post=124"}],"version-history":[{"count":5,"href":"https:\/\/boucan.info\/index.php\/wp-json\/wp\/v2\/pages\/124\/revisions"}],"predecessor-version":[{"id":1337,"href":"https:\/\/boucan.info\/index.php\/wp-json\/wp\/v2\/pages\/124\/revisions\/1337"}],"up":[{"embeddable":true,"href":"https:\/\/boucan.info\/index.php\/wp-json\/wp\/v2\/pages\/22"}],"wp:featuredmedia":[{"embeddable":true,"href":"https:\/\/boucan.info\/index.php\/wp-json\/wp\/v2\/media\/102"}],"wp:attachment":[{"href":"https:\/\/boucan.info\/index.php\/wp-json\/wp\/v2\/media?parent=124"}],"curies":[{"name":"wp","href":"https:\/\/api.w.org\/{rel}","templated":true}]}}